er when 7 is divided by x?
3
Suppose -h + 87 = 2*h. Let x = h - 15. What is the remainder when 26 is divided by x?
12
Let a(f) be the third derivative of f**5/60 - f**4/8 + 2*f**3/3 + 4*f**2. Let h = 60 + -18. Calculate the remainder when h is divided by a(6).
20
Let d(w) be the third derivative of w**5/30 - 5*w**4/24 + w**2. Let f = 19 + -15. Calculate the remainder when 23 is divided by d(f).
11
Let r(q) = q**2 - 2*q - 1. Suppose 4*a = -w - w + 42, 0 = -2*a - 2*w + 16. What is the remainder when r(-4) is divided by a?
10
Suppose 0*o = 5*o - 20. Suppose -t + 235 = o*t. Calculate the remainder when t is divided by 16.
15
Suppose 5*l - 2 - 23 = 0. Let y(n) = 2*n**2 - 5*n + 4. What is the remainder when y(l) is divided by 10?
9
Let f = 0 - -8. Suppose -5*l + 17 = -8. What is the remainder when f is divided by l?
3
Let a(r) = -r**2 + 3*r - 1. Suppose 4*w - 9 = -1. What is the remainder when 1 is divided by a(w)?
0
Let d = -5 + 15. What is the remainder when 58/7 + d/(-35) is divided by 4?
0
Suppose 5*v - 4*v - 13 = 0. Let f(t) = t + 4. Let h be f(0). Suppose h*g - 72 = 28. Calculate the remainder when g is divided by v.
12
Let d be 1/(2/36*3). Let a = 7 + d. Calculate the remainder when a is divided by 5.
3
Let j = 0 - -9. Calculate the remainder when j is divided by 1 + (1 - -3) - 0.
4
Suppose -2*j = -34 - 64. Calculate the remainder when j is divided by 13.
10
Let j(t) = t**3 - 7*t**2 + 2*t - 8. What is the remainder when 20 is divided by j(7)?
2
Let a(c) = c**2 + c - 5. Let x be a(0). Let d(o) = 4*o**3 - 3*o**2 + 2. What is the remainder when d(2) is divided by (8/x)/(12/(-90))?
10
Let u = 30 + -24. Let x(s) = 9*s**2 - 6*s - 3. Let y(i) = -4*i**2 + 3*i + 2. Let z(c) = -3*x(c) - 7*y(c). Calculate the remainder when z(u) is divided by 5.
3
Let u = -10 + 19. What is the remainder when 34 is divided by u?
7
Suppose -m + 56 = 18. Suppose -2*o = 5*g - 7*o - 170, -o = g - m. Suppose b + 2*b - g = 0. What is the remainder when 23 is divided by b?
11
Let a(m) = -m + 2. Let l be a(3). Calculate the remainder when (l - (1 + 4))/(-1) is divided by (-1)/3 + (-13)/(-3).
2
Let p = 21 + -4. Suppose 91 = 2*w - 41. Suppose 5*d = 3 + 17, s - w = -4*d. Calculate the remainder when s is divided by p.
16
Let a(w) = 6*w + 2. Let p = -9 - -24. Let f = p - 6. What is the remainder when a(4) is divided by f?
8
Let k(p) = 2 - 2*p + 4*p - p**2 + 2*p**2 + 0*p**2. Suppose -3*v - 2*v + 95 = 0. What is the remainder when v is divided by k(-4)?
9
Let t = -5 - -10. What is the remainder when (2 + 0)*14/2 is divided by t?
4
Let o be ((-4)/(-8))/((-1)/6). Let k be 6 + o + 51 - 2. Let j = -29 + k. What is the remainder when j is divided by 8?
7
Suppose -4*i + 2*z = -56, -i + z + 0 = -15. Calculate the remainder when 22 is divided by i.
9
Let z(s) = -s + 1. Let w be z(-1). Suppose -w*j - 120 = -7*j. Let t = -13 + j. Calculate the remainder when 21 is divided by t.
10
Let l(f) = f + 7. Suppose 0 = 2*p - 3*b - 7, -3 = -3*p - 3*b + 15. Calculate the remainder when p is divided by l(-4).
2
What is the remainder when (-35)/(-14)*(-66)/(-5) is divided by 12?
9
Let y = 5 + 10. Let f(m) = -4*m - 35. What is the remainder when f(-16) is divided by y?
14
Suppose 4*w - 8 = 2*w. Suppose -2*a - 4*i = -1 + 5, w*a - 57 = 5*i. Let g = a + -5. Calculate the remainder when g is divided by 2.
1
Let j(c) = -c**2 - 22*c - 30. What is the remainder when 20 is divided by j(-20)?
0
Let l = -4 + 15. Let t be ((-1)/2)/((-1)/(-12)). Calculate the remainder when (4/t)/((-2)/93) is divided by l.
9
Suppose 0 = -2*g - g + 69. Calculate the remainder when 68 is divided by g.
22
Let u(t) = 3*t - 6. Let n be u(7). Let p = n + -3. What is the remainder when 46 is divided by p?
10
Suppose -2*a - a + 15 = -w, 5*a = -2*w + 36. Let j(u) = u**2 - 3. What is the remainder when j(a) is divided by 17?
16
Suppose 31*v - 27*v = -96. Let p = 48 + v. What is the remainder when 71 is divided by p?
23
Calculate the remainder when 94 is divided by (2/2)/(-5*3/(-480)).
30
Let u = 15 + 17. Suppose -15 = 5*f, u = 3*m + f - 4. Calculate the remainder when m is divided by 7.
6
Let n(w) = 61*w + 12. What is the remainder when n(1) is divided by 19?
16
Let m be (3/(-2))/((-15)/40). Suppose -25 = -3*f + v, -m*f + 44 = -0*f - 4*v. What is the remainder when 12 is divided by f?
5
Suppose 2*x - 54 = -5*k, 109 - 46 = 4*k - 5*x. What is the remainder when 117 is divided by k?
9
Suppose 54 = 5*z + 2*d - 41, -3*d = -3*z + 78. Calculate the remainder when z is divided by 5.
1
Let y be (-33)/(-21) - (-16)/(-28). Suppose -2*b - 2*m + 27 = 5, 3*b - 2*m - 43 = 0. Suppose -b + y = -4*p. Calculate the remainder when 8 is divided by p.
2
Suppose -127 - 57 = -4*p. Let j(n) = n**3 + 5*n**2 - 4*n - 4. What is the remainder when p is divided by j(-5)?
14
Suppose 5*o - 8 = o. Suppose i = -3, -d + o*i = 3*d - 118. What is the remainder when 81 is divided by d?
25
Let w(q) = 2*q**2 - 2*q - 3. Let v be (28/12)/(2/(-6)). Let u = 11 + v. Calculate the remainder when w(u) is divided by 11.
10
Suppose 2*f + 2*f + 2604 = 0. Let a = -446 - f. Suppose 2*r - 7*r = -a. What is the remainder when r is divided by 14?
13
Let j = 13 - 10. Let w = 10 - 5. Calculate the remainder when w is divided by j.
2
Suppose -5*m - r + 145 = -10, -2*r + 93 = 3*m. Calculate the remainder when m is divided by 16.
15
Let l = -18 - -26. Calculate the remainder when 31 is divided by l.
7
Let k = -18 - -31. Suppose -63 - 57 = -5*o. What is the remainder when o is divided by k?
11
Calculate the remainder when (-9)/(-36) - 475/(-4) is divided by 24.
23
Suppose -4*k + 11 - 3 = 0. Suppose 5*c + 8 = 28. What is the remainder when c is divided by k?
0
Suppose 3*q + 160 = 8*q. Calculate the remainder when q is divided by 7.
4
What is the remainder when ((78/(-4))/1)/((-3)/4) is divided by 7?
5
Let b(x) = -5*x - 1. Calculate the remainder when 41 is divided by b(-3).
13
Let a(q) = -4*q - 1. Let k(v) = -v - 1. Let c(u) = a(u) - 2*k(u). Let p = -12 - -36. Calculate the remainder when p is divided by c(-4).
6
Let w(h) = -6*h + 4. Let f = -16 + 12. Calculate the remainder when 111 is divided by w(f).
27
Suppose j + 1 = 2. Let o be j + -15 + 3 - -2. Let k = 13 + o. What is the remainder when k is divided by 3?
1
Let t(g) = -g + 3. Calculate the remainder when t(-12) is divided by 3.
0
Let b be 6/(-12) - (-139)/2. Suppose -5*k = 4*l - 89, 2*l + 14 - b = k. Calculate the remainder when l is divided by 15.
11
Suppose 4*w + 91 = 299. What is the remainder when w is divided by 18?
16
Let s = 0 - -3. Suppose s*w + 0*w = 15. Suppose 0 = -2*j + 4, 0 = 2*t - w*t + j + 1. Calculate the remainder when 1 is divided by t.
0
Let w(n) = n**3 + 8*n**2 + 9*n + 1. Calculate the remainder when w(-6) is divided by 7.
5
Suppose 2*i + z = 3*z + 60, 2*z + 85 = 3*i. Calculate the remainder when 29 is divided by 117/15 + 5/i.
5
Suppose -6 = -4*f + 2. What is the remainder when 9 is divided by f?
1
Suppose -y + 18 = 4*w, 2*w + 0*y - 16 = 3*y. Suppose w*r + 6 = 191. Suppose 0 = -5*l - 11 + 76. What is the remainder when r is divided by l?
11
Suppose 2*h - 42 = -z, 7*h - 103 = 2*h - 3*z. What is the remainder when h is divided by 13?
10
Suppose 0*m = 2*m + z - 98, m + 3*z = 59. Let u = 54 + -15. Suppose -3*n = -6*p + p + 63, 3*p - 3*n = u. What is the remainder when m is divided by p?
11
Suppose 45 - 1 = 4*c. What is the remainder when 43 is divided by c?
10
Suppose -33 = -4*f + 6*u - u, 5*f - 25 = 3*u. Suppose 0 = -4*b + k + 67, -f*k = 2*b - 0*b - 36. Calculate the remainder when b is divided by 6.
5
Let j = -23 - -58. What is the remainder when j is divided by -6*(4 - (-40)/(-12)) - -22?
17
Let s = -2 - -27. What is the remainder when 97 is divided by s?
22
Let x(y) = -y**3 - 6*y**2 - 3*y + 20. Let m(h) = -2*h + 3. Let t be m(4). Let c = t + 18. What is the remainder when x(-6) is divided by c?
12
Let b = -3 - -7. Suppose -y + 5*j = -21, -b*y - 13 = -y + 4*j. Calculate the remainder when (0 - y) + (-76)/(-2) is divided by 13.
11
Let f(u) = -2*u - 7. Let y(g) = -2*g**2 - 3*g + 1. Let k be y(-3). Let q = -12 - -37. What is the remainder when q is divided by f(k)?
7
Calculate the remainder when 55 is divided by 28/(-3)*(-1 - 2).
27
Suppose -w - 5*w + 90 = 0. Calculate the remainder when 162 is divided by w.
12
Let m(j) = j**3 + 